{"id":4695,"date":"2024-09-07T00:08:10","date_gmt":"2024-09-06T19:08:10","guid":{"rendered":"https:\/\/ccfwek.org\/events\/assemblee-generale-annuelle-du-ccfwek-2024\/"},"modified":"2024-09-07T00:56:43","modified_gmt":"2024-09-06T19:56:43","slug":"assemblee-generale-annuelle-du-ccfwek-2024","status":"publish","type":"ajde_events","link":"https:\/\/ccfwek.org\/en\/events\/assemblee-generale-annuelle-du-ccfwek-2024\/","title":{"rendered":"Assembl\u00e9e g\u00e9n\u00e9rale annuelle du CCFWEK 2024"},"content":{"rendered":"<p>Jeudi 26 Septembre 2024 au Carrefour communautaire francophone Windsor<\/p>\n<p>720 avenue Ouellette, Windsor.<\/p>\n","protected":false},"author":3,"featured_media":4694,"menu_order":0,"comment_status":"closed","ping_status":"closed","template":"","meta":[],"tags":[],"event_type":[17,16,65],"event_type_2":[68],"class_list":["post-4695","ajde_events","type-ajde_events","status-publish","has-post-thumbnail","hentry","event_location-ccfwek-et-carrefour-communautaire-francophone","event_organizer-centre-communautaire-francophone-windsor-essex-kent-ccfwek","event_type-activites-socio-culturelles","event_type-calendrier-communautaire","event_type-calendrier-communautaire-en","event_type_2-francophone-and-francophile-communities"],"_links":{"self":[{"href":"https:\/\/ccfwek.org\/en\/wp-json\/wp\/v2\/ajde_events\/4695","targetHints":{"allow":["GET"]}}],"collection":[{"href":"https:\/\/ccfwek.org\/en\/wp-json\/wp\/v2\/ajde_events"}],"about":[{"href":"https:\/\/ccfwek.org\/en\/wp-json\/wp\/v2\/types\/ajde_events"}],"author":[{"embeddable":true,"href":"https:\/\/ccfwek.org\/en\/wp-json\/wp\/v2\/users\/3"}],"replies":[{"embeddable":true,"href":"https:\/\/ccfwek.org\/en\/wp-json\/wp\/v2\/comments?post=4695"}],"wp:featuredmedia":[{"embeddable":true,"href":"https:\/\/ccfwek.org\/en\/wp-json\/wp\/v2\/media\/4694"}],"wp:attachment":[{"href":"https:\/\/ccfwek.org\/en\/wp-json\/wp\/v2\/media?parent=4695"}],"wp:term":[{"taxonomy":"post_tag","embeddable":true,"href":"https:\/\/ccfwek.org\/en\/wp-json\/wp\/v2\/tags?post=4695"},{"taxonomy":"event_type","embeddable":true,"href":"https:\/\/ccfwek.org\/en\/wp-json\/wp\/v2\/event_type?post=4695"},{"taxonomy":"event_type_2","embeddable":true,"href":"https:\/\/ccfwek.org\/en\/wp-json\/wp\/v2\/event_type_2?post=4695"}],"curies":[{"name":"wp","href":"https:\/\/api.w.org\/{rel}","templated":true}]}}

Assemblée générale annuelle du CCFWEK 2024
