{"id":3513,"date":"2023-07-04T01:15:50","date_gmt":"2023-07-03T20:15:50","guid":{"rendered":"https:\/\/ccfwek.org\/events\/programmes-et-services-pour-les-peuples-autochtones\/"},"modified":"2023-07-04T01:15:50","modified_gmt":"2023-07-03T20:15:50","slug":"programmes-et-services-pour-les-peuples-autochtones","status":"publish","type":"ajde_events","link":"https:\/\/ccfwek.org\/en\/events\/programmes-et-services-pour-les-peuples-autochtones\/","title":{"rendered":"Programmes et services pour les Peuples autochtones"},"content":{"rendered":"<p>Ce webinaire est pr\u00e9sent\u00e9 en collaboration avec l;Agence de revenu Canada. Nous fournirons des informations pr\u00e9cieuses sur les programmes et autres prestations et services offerts aux peuples autochtones.<\/p>\n","protected":false},"author":1,"featured_media":3512,"menu_order":0,"comment_status":"closed","ping_status":"closed","template":"","meta":[],"tags":[],"event_type":[17,16,65],"event_type_2":[67,69],"class_list":["post-3513","ajde_events","type-ajde_events","status-publish","has-post-thumbnail","hentry","event_location-webex","event_type-activites-socio-culturelles","event_type-calendrier-communautaire","event_type-calendrier-communautaire-en","event_type_2-citizenship-ecology","event_type_2-individual-rights"],"_links":{"self":[{"href":"https:\/\/ccfwek.org\/en\/wp-json\/wp\/v2\/ajde_events\/3513","targetHints":{"allow":["GET"]}}],"collection":[{"href":"https:\/\/ccfwek.org\/en\/wp-json\/wp\/v2\/ajde_events"}],"about":[{"href":"https:\/\/ccfwek.org\/en\/wp-json\/wp\/v2\/types\/ajde_events"}],"author":[{"embeddable":true,"href":"https:\/\/ccfwek.org\/en\/wp-json\/wp\/v2\/users\/1"}],"replies":[{"embeddable":true,"href":"https:\/\/ccfwek.org\/en\/wp-json\/wp\/v2\/comments?post=3513"}],"wp:featuredmedia":[{"embeddable":true,"href":"https:\/\/ccfwek.org\/en\/wp-json\/wp\/v2\/media\/3512"}],"wp:attachment":[{"href":"https:\/\/ccfwek.org\/en\/wp-json\/wp\/v2\/media?parent=3513"}],"wp:term":[{"taxonomy":"post_tag","embeddable":true,"href":"https:\/\/ccfwek.org\/en\/wp-json\/wp\/v2\/tags?post=3513"},{"taxonomy":"event_type","embeddable":true,"href":"https:\/\/ccfwek.org\/en\/wp-json\/wp\/v2\/event_type?post=3513"},{"taxonomy":"event_type_2","embeddable":true,"href":"https:\/\/ccfwek.org\/en\/wp-json\/wp\/v2\/event_type_2?post=3513"}],"curies":[{"name":"wp","href":"https:\/\/api.w.org\/{rel}","templated":true}]}}

<p>Ce webinaire est présenté en collaboration avec l;Agence de revenu Canada. Nous fournirons des informations précieuses sur les programmes et autres prestations et services offerts aux peuples autochtones.</p>
